 -f - z. What is the greatest common divisor of f and 64?
32
Let a be (378/(-56))/(9/(-24)). Calculate the greatest common factor of 48 and a.
6
Let g(m) = -m**3 - 5*m**2 + 5*m - 1. Let v be g(-6). Suppose v*l = 41 + 39. Let i be (8/(-6))/(5*(-7)/1260). Calculate the highest common divisor of l and i.
16
Let n(d) = -212 - 2*d - 10*d + 186. Let s be n(-8). Calculate the greatest common factor of s and 10.
10
Let v(k) = -8*k**3 + 2*k**2 - 1. Let d be v(1). Let o = 10 + d. Suppose -o*u + 129 = -141. Calculate the greatest common divisor of u and 10.
10
Suppose -x + 4 = -26. Suppose 2*t - 6*t = 2*s - x, -t = 3*s. What is the highest common divisor of t and 45?
9
Suppose y + 2*y - 54 = 0. Suppose 131*h - 130*h = 54. What is the greatest common divisor of y and h?
18
Let o = 129 - 125. Let n = o + 62. Calculate the highest common factor of n and 6.
6
Let h be -4 - -4*(-1)/(-2). Let x be -5 + 3 - (h - 25). Calculate the highest common factor of x and 10.
5
Let r(f) = -15*f - 82. Let v be r(-10). Suppose -7*m = -959 + 245. What is the greatest common divisor of v and m?
34
Let t be (-5)/((-300)/(-12)) + (-542)/(-10). What is the highest common divisor of t and 198?
18
Let y = 122 + -114. Calculate the highest common factor of y and 16.
8
Let o(g) = -g**3 - 8*g**2 + 10*g + 12. Let l be o(-9). Let i be (l - 2)*(24 + 4)/4. What is the greatest common factor of i and 1?
1
Let a be (6/2)/(6/126). What is the highest common divisor of a and 567?
63
Let p(a) = -4*a - 6. Let c be p(-3). What is the highest common factor of 11 and c?
1
Let c = 26 - 24. Suppose -c*l + 4*v = l - 31, -5*v = -2*l + 9. What is the greatest common factor of 34 and l?
17
Let d(r) = r**2 + 4*r - 15. Let s be d(4). Calculate the highest common divisor of 425 and s.
17
Let k = -760 + 1044. Calculate the greatest common divisor of 355 and k.
71
Suppose -5*f = 3*s - 241, 0 = -4*f - 2*s - 64 + 258. Let h be 98/5 + 8/40*2. What is the highest common divisor of f and h?
10
Let j be (-2)/(-5) + (-16576)/(-160). Calculate the highest common divisor of j and 2.
2
Let v = -6 + 10. Suppose 3*a - 3 = -q, -1 + 3 = q + v*a. Suppose 3*t + 135 = q*t. What is the greatest common factor of t and 5?
5
Let d be (3 - -428) + 18/2. What is the greatest common factor of 80 and d?
40
Suppose 156 = -5*x + 8*x - 4*p, -65 = -x - 3*p. What is the highest common factor of 36 and x?
4
Let r be -1*(-12 - 4/(-12)*-6). What is the greatest common divisor of 1414 and r?
14
Suppose w - 5 = -26. Let q be 28/(-6)*180/w. Let v = 17 + 3. Calculate the greatest common factor of v and q.
20
Suppose 5*j + 12 - 40 = -4*z, -j = -3*z + 40. Calculate the greatest common divisor of z and 408.
12
Let r(g) = 377*g**2 - 3*g - 2. Let b be r(-1). Calculate the highest common factor of 54 and b.
54
Let q(r) = -8*r**2 + 10*r**2 + 8*r**2 + 18*r**2. Let z be q(1). Suppose z + 17 = 3*x. Calculate the greatest common divisor of 60 and x.
15
Suppose -3*t - 49 = -4*v, 2*v + 4 = 6*v. Let d = 17 + t. Let u be (330/(-12))/(d/(-4)). What is the highest common divisor of u and 22?
11
Let j(g) = 3*g**2 + 17*g**2 + 1 - g + 6*g**2. Let x be j(1). Let k = 44 - x. What is the greatest common factor of k and 27?
9
Let y(h) = -5*h + 20. Let s be y(3). Suppose 5*q - 3*d + 5*d = 67, -s*q + 69 = 4*d. What is the highest common divisor of q and 169?
13
Let t(s) = -129*s + 1. Let r be t(-1). Suppose 7*k - 29 = 6*k + 3*f, 0 = 5*f + 5. What is the highest common factor of r and k?
26
Let c(g) = 26*g - 4. Let o(j) = 2*j**2 - 8*j - 7. Let v be o(5). Suppose 6 = v*u - 0. Let m be c(u). What is the highest common divisor of 32 and m?
16
Let r = -433 - -680. Let j = -157 + r. Let o be ((-2912)/(-20))/4 - (-2)/(-5). Calculate the highest common divisor of j and o.
18
Let s be (-81 + 1)*1*-1. Let o(b) = 5*b**2 - 67*b - 32. Let t be o(14). Calculate the greatest common factor of s and t.
10
Suppose 44 = -4*i + 5*f + 153, 3*f + 99 = 4*i. Suppose 11*h - 241 = -i. What is the greatest common divisor of h and 100?
20
Let t = -16 - -20. Let f(m) = 4*m - 10. Let c be f(t). Suppose i = -0*i + 9. What is the highest common divisor of c and i?
3
Let b(p) be the second derivative of p**4/12 + 5*p**3/3 - 15*p**2 + 38*p. Let d be b(-13). Calculate the greatest common divisor of 3 and d.
3
Suppose 28*i - 11536 = 1008. Calculate the highest common factor of 64 and i.
64
Suppose h + 8 = 3*h. Suppose 5*p = p + h. Let w be ((-19)/3)/(p/(-3)). What is the greatest common factor of 171 and w?
19
Suppose -2*q + 26 = -54. Let h = 1716 + -1711. What is the greatest common factor of q and h?
5
Suppose 0 = -103*c + 100*c + 3*d + 21, -26 = -2*c + 4*d. Suppose -4*v - 5*r = -6 - 2, 36 = 4*v - 2*r. What is the greatest common factor of c and v?
1
Let q be 5/(-1)*3/((-125)/(-13) + -10). Let d be (-938)/(-3) + (-4)/6. Calculate the greatest common divisor of q and d.
39
Let p be 1/4 - 15/(-4). Suppose -11*f + 20 = -7*f. Suppose f*h + b = 96, b = p*b + 12. What is the greatest common factor of h and 8?
4
Suppose 2*b - 121 = -5*v, -23*b + 20*b - 4*v = -164. Calculate the greatest common factor of b and 6.
6
Let f be ((-63)/15 + 3)*(-1010)/3. Let b = -188 + f. What is the highest common factor of b and 27?
27
Suppose 7*c - 35 - 28 = 0. Calculate the highest common factor of 9 and c.
9
Suppose 5*r - 302 = o, 15*o - 56 = -r + 13*o. What is the greatest common factor of 1380 and r?
60
Let a be (-242)/(-14) - (8/(-7))/(-4). Let d(n) = 12*n**3 - 5*n**2 + 3*n + 3. Let v be d(2). What is the highest common divisor of a and v?
17
Suppose -3*p + 17 = 5*j - 11, p = 3*j - 14. What is the highest common factor of 30 and j?
5
Suppose -5*w = -25, -5*w + 10 = -2*t - 19. Let d be t*((-15)/(-6) + -4). Suppose j = -3*n - 4, 0*n - 9 = d*n. Calculate the highest common factor of j and 45.
5
Suppose -5*x + 55 = 3*t, x + 73 = 8*t - 3*t. What is the highest common divisor of t and 255?
15
Let h(b) = 10*b + 571. Let c be h(-53). What is the highest common divisor of 451 and c?
41
Let i be (-11 - (-246)/30)*(-10)/4. What is the greatest common divisor of i and 469?
7
Suppose b - 2 = 2, -3*t + 5*b = 20. Suppose t = m + 2 + 2. Let w(i) = -34*i - 4. Let g be w(m). What is the highest common factor of 12 and g?
12
Let b = 135 - -124. Calculate the highest common divisor of b and 111.
37
Let b(q) = 5*q**3 + 12*q**2 + 4*q - 12. Let t(o) = -o**3 - o**2 - 1. Let r(y) = b(y) + 6*t(y). Let c be r(6). Calculate the greatest common factor of c and 12.
6
Suppose 0 = -3*m + v + 16, 0*v = 3*m - 3*v - 24. Let q = 9 - -10. Suppose -m*y + 93 + q = 0. Calculate the greatest common divisor of 14 and y.
14
Let c be -3 + 2 + 35/1. Let p = 36 + c. Let j be -7*(-3 + -1 - 0). Calculate the highest common divisor of p and j.
14
Let j(k) = 5 + 4*k**2 - 4 + 12*k**3 + 2 - 13*k**3. Let l be j(4). Let r = 28 + -1. What is the highest common divisor of l and r?
3
Let d be (-88740)/(-63) + 20/(-35). What is the highest common factor of 11 and d?
11
Suppose -64 = 4*o - 3*k - 4, 4 = k. Let w(d) = -4*d - 18. Let t be w(o). What is the highest common factor of 30 and t?
30
Let o(g) = 50*g - 5. Let r be o(4). Suppose 5*j - n = r, -n = -3 - 2. Let h = 13 + -5. Calculate the highest common divisor of h and j.
8
Let t = -642 - -651. Calculate the highest common factor of 477 and t.
9
Let k be (-5)/(-10) - 38/(-4). Let u(n) = -4*n - 2 - k - n - 4. Let r be u(-13). Calculate the highest common factor of r and 7.
7
Let w = -114 + 125. What is the highest common factor of w and 704?
11
Let y(p) = -2*p - 2. Let n be y(-3). Suppose 5*r - 146 = -2*w + 6*w, -68 = -2*r + n*w. Let q = -48 + 61. What is the greatest common divisor of r and q?
13
Let d = -29 + 159. Calculate the greatest common factor of 286 and d.
26
Let l be -1 + ((-1715)/7)/(-7). Calculate the highest common factor of 544 and l.
34
Suppose 0*x + 49 = 2*j - x, 0 = 2*x + 10. Suppose -8 = -3*u + j. What is the highest common divisor of u and 160?
10
Let m(d) = -d**3 - 3*d**2 + 6*d - 4. Let n = 4 - 10. Let v be m(n). Suppose 2*z - 10 = v. Calculate the greatest common factor of 13 and z.
13
Let i = 12 + -11. Suppose 7*q - 3*q = 36. What is the greatest common factor of i and q?
1
Let d(o) = -13*o - 157. Let b be d(-14). What is the highest common factor of b and 25?
25
Let h(g) = -2*g**2 + 94*g + 10. Let y be